 the first derivative of -11*d**3/3 - d + 1. What is c(1)?
-12
Let v(i) = 3*i**2 - 10*i + 3. Let h(s) = 5*s**2 - 19*s + 6. Let u(m) = -4*h(m) + 7*v(m). Let d(b) be the first derivative of u(b). Determine d(-5).
-4
Let n be 2*2 + -1 + 0. Let k(i) = -4 + 0 - i + n. Let s be 12/8 + 2/8*2. Give k(s).
-3
Let n(f) = f**2 + 5*f + 1. Let c(y) = y**2 + 3*y - 4. Let q(u) = u**3 - 4*u**2 + u + 3. Let s be q(3). Let i be c(s). Give n(i).
-3
Let r(p) = 2*p**2 + 2*p - 2. Let w = -45 + 30. Let n = w - -17. Determine r(n).
10
Suppose 4*k = 9*k - 10. Let o be (-1 + k)*(-1 + -3). Let b(h) = h - 1. Give b(o).
-5
Let g(d) = -3 - d**3 - 2 + d**2 + 4 + 0*d**2. Give g(0).
-1
Suppose -4*f + 8 = -5*a, f - 4*a - 6 = 7. Let r(g) = 2*g**2 + 2*g - 1. Determine r(f).
11
Let w = 38/5 + -203/30. Let y(q) be the third derivative of -w*q**3 + 0*q + 4*q**2 - 1/8*q**4 + 0. Give y(-5).
10
Let l(c) be the third derivative of 1/30*c**6 + 0*c + 0*c**3 + 0 + 0*c**4 + 2*c**2 - 1/60*c**5. Give l(1).
3
Let a(n) = -1 - 1 + n - 2. Let v be a(0). Let f(q) = 2 + q + q**2 + 2*q - q**3 + 2 - 4*q**2. Determine f(v).
8
Let k(p) = -p**3 + 4*p**2 + 6. Let v(n) = n**3 - 5*n**2 + n - 7. Let l(f) = -3*k(f) - 2*v(f). Give l(3).
-1
Let d(y) = -3*y - 9. Let a(i) = -i - 1. Let w(u) = 2*a(u) - d(u). Determine w(-5).
2
Let b(d) be the third derivative of d**5/60 - 7*d**4/24 - 5*d**3/6 - 15*d**2. What is b(7)?
-5
Let n be 376/1344 - (-6)/63. Let u(o) be the third derivative of -o**2 + 0*o - 1/6*o**3 - n*o**4 + 0. Determine u(1).
-10
Let r(h) be the second derivative of -h**4/2 + h**3/6 + h**2/2 - 2*h - 29. Let v = 2 + -3. Calculate r(v).
-6
Let p(w) = 3*w + 6. Let d = -17 + 11. What is p(d)?
-12
Let y(c) = -c + 2. Let r be y(5). Let t = r - 0. Let a(n) = n**2 + 4*n + 4. Give a(t).
1
Let y = -2 + 0. Let c be y*(0 - (-51)/(-6)). Suppose -5*u + c = -3*u - g, -2*g = -u + 16. Let o(a) = -a + 6. Calculate o(u).
0
Let t be (0 + -1 - -3) + -3. Let x(n) = 6*n**3 - 2*n**2 + 1. Calculate x(t).
-7
Let w(r) = -r. Suppose 2*p + 3*l = -2, -6*p + 31 = -3*p - 4*l. Calculate w(p).
-5
Let j(m) = -m**3 - 5*m**2 - m - 3. Suppose -b - 20 = -5*c, -b + 6*b + c = -22. Give j(b).
2
Let q(d) = -2*d - 7. Let k = 33 - 39. Give q(k).
5
Let i be 2/(-9) - 60/(-27). Let y(p) = -3*p**2 + p. What is y(i)?
-10
Let a(n) = 3*n**2 - 3*n - n**2 + 0*n**3 + n**2 + n**3. Let g be a(-4). Let r(y) = -y**2 - 4*y + 5. Calculate r(g).
5
Suppose 2*n + 4*h = 3*n - 24, -4*n + 2*h = -26. Let z(i) = i**3 - 3*i**2 - 3*i + 2. Give z(n).
6
Let u(k) = k**3 - k + 3. Let w be 61/6 - 1/6. Let d = w + 5. Suppose -2*q + 4*p = -q + 12, -3*q - 5*p = -d. What is u(q)?
3
Let v(o) = 8 + 0 - 6 + o. Calculate v(-5).
-3
Let k(x) = -4*x**3 - 8*x**2 + 7*x - 6. Let b(j) = -8*j - 8*j**2 + 18*j - 5 - 2*j - 5*j**3. Let f(l) = 5*b(l) - 6*k(l). Give f(8).
-5
Let r(t) = -t + 6. Let s be r(6). Let h(m) = s*m**2 + m**2 - 6 + 0*m**2 + 3*m. Let k be (-36)/24*10/3. Calculate h(k).
4
Let i(b) = -b - 2. Suppose 4*p = 9*p + 15. Calculate i(p).
1
Let t(x) = -x**3 + 4*x**2 + 6*x - 3. Suppose -3*j + 7*j = 20. Calculate t(j).
2
Suppose 3*p + 2 = -3*q + 8, -19 = 4*p - 5*q. Let y be (0 - 2)/(p - 1). Let x(k) = 3 - 2*k - 5 + y - k. What is x(2)?
-7
Let z = 206 + -113. Suppose 5*g = -3 + z. Suppose 0 = -5*i + y - 1 + g, -i + 5 = -y. Let s(k) = 3*k - 4. Determine s(i).
5
Let b(q) = q**2 - q - 1. Let x(u) = 4*u**2 - 1. Let v be x(1). Suppose -5*d + 2 = -3*p - d, p + 8 = 5*d. Let m = v - p. Determine b(m).
-1
Let r(t) = -4*t + 12*t + t**2 - 7*t - 2. Determine r(0).
-2
Let y be (2/5)/((-1)/(-10)). Suppose y*n = 4*w - 4, 5*w - 2 - 3 = -5*n. Let c(s) = s**2 - s + 7. Give c(n).
7
Let l(g) be the second derivative of -g**3/2 - 3*g**2 - 18*g. Give l(-7).
15
Let b(o) be the first derivative of -o**4/4 - 5*o - 2. Let d = 6 + -6. Suppose d = -4*h - h. Determine b(h).
-5
Let d(r) be the second derivative of -r**4/12 - r**3 + r**2/2 + 2*r. Calculate d(-6).
1
Let l(a) be the third derivative of -a**5/60 - a**4/8 + a**3/3 - 2*a**2. Let x(z) = -z**3 + 9*z**2 + 9*z + 8. Let w be x(10). Let f = 0 + w. Calculate l(f).
4
Let c(j) be the second derivative of j**4/12 - 2*j**3/3 - 3*j**2/2 + 8*j. Determine c(-2).
9
Let j(d) = -3*d**2 + d**3 + 4*d**2 - 3 + 0*d - 4*d. Let m(h) = -h**3 + 9*h**2 + h - 11. Let t(s) = 9*s**2 - s + 1. Let v be t(1). Let y be m(v). Calculate j(y).
1
Let k(d) be the second derivative of -d**3/6 + 5*d**2/2 + d. Let m be k(0). Suppose 4 = -4*h + g, -3*h - 5 = m*g - 2. Let b(j) = j**3 - j**2 + j + 1. Give b(h).
-2
Let a(z) be the second derivative of 0 - 5*z - z**2 + 1/6*z**3. Give a(5).
3
Let j(n) be the third derivative of n**7/120 - n**6/360 - n**3/6 - 5*n**2. Let w(a) be the first derivative of j(a). Give w(1).
6
Let u(x) = -x + 1. Let a(z) = 4*z + 3. Let l(f) = -a(f) + 2*u(f). Let b(y) = -y + 1. Let i be b(0). Calculate l(i).
-7
Let q(s) = s**3 + 5*s**2 + 5. Let y(k) = k**3 - k**2 - 6*k - 5. Let o be y(-2). Calculate q(o).
5
Let l(o) = o**3 + 2*o**2 - 4*o - 2. Suppose -7*f - 11 - 10 = 0. Give l(f).
1
Let x(t) = 4 + t**2 + 10*t - 3*t + 1. Suppose -i - 18 = 2*i. Give x(i).
-1
Let q(i) = 19 + 136*i - 19 - 139*i + 2*i**2. Calculate q(2).
2
Let c be -1 - (1 + 2/(-2)). Let p(y) = -8*y. Give p(c).
8
Let d(q) be the first derivative of q**6/360 + q**4/24 + q**3/3 - 1. Let v(l) be the third derivative of d(l). Let g = -20 + 20. Calculate v(g).
1
Let d(f) = 2*f + 3. Let w be (-1)/(-2) - 36/(-8). Suppose -12 - 3 = w*h. Determine d(h).
-3
Let a = 410 + -413. Let t(q) = -4*q**2 + 3*q - 2. Let z(u) = u**2 + 5*u. Let v(y) = y. Let r(s) = -5*v(s) + z(s). Let m(b) = 6*r(b) + t(b). Determine m(a).
7
Suppose -1 = -3*j + 5*b + 2, j - 1 = b. Let r = -2 + j. Let x(h) = -h - 3 + 6*h + 0 + 4. Calculate x(r).
-4
Let g = 1 + -6. Let k(d) be the first derivative of -4 + 3*d**2 + 2*d**3 + 1/4*d**4 + 0*d. Give k(g).
-5
Let u be 3/5 + (-119)/(-35). Let f(b) = -u*b + 5*b + b**2 + 0 + 2 + 3*b. Let n be (-2)/3*(-1 - -7). What is f(n)?
2
Let d(n) = 0*n + 4 + 0*n - n. What is d(3)?
1
Let l = -1 + 3. Let u(c) = 2*c - 2 - c**2 + l*c**2 + 2*c. Suppose -2*q + 0*q = 8. What is u(q)?
-2
Let g(c) = c**3. Let l(v) = 3*v**3 + 9*v**2 - 8*v - 8. Let b(x) = 4*g(x) - l(x). Determine b(8).
8
Let r(i) = 4. Suppose n + 5*a = 4*n - 22, -12 = -2*n + 2*a. Let v(f) = n + f - f - 2*f + f. Let j(g) = -4*r(g) + 3*v(g). What is j(-4)?
8
Suppose l + 1 = -w - 0*l, l = 2*w - 13. Let b(t) = w*t - 1 + 1 + t**2 - 4. Give b(-4).
-4
Let r(c) = 2*c - 6. Suppose 3*y - 11 = 7. Let w(n) = -n**2 + 6*n + 5. Let b be w(y). Calculate r(b).
4
Let j(w) = w**2 - w. Let u(n) = -5*n**2 - 3*n - 3. Let p(o) = 4*j(o) + u(o). Calculate p(-7).
-3
Let u = -10 + 15. Let d be ((-2)/5)/(1/u). Let q(t) = t. Let m(x) = x**2 - 4*x - 4. Let h(s) = d*q(s) - m(s). Calculate h(4).
-4
Let q = -7 + 11. Let c(v) = -v**3 + 4*v**2 - 2*v + 3. Let h be c(q). Let o = -6 - h. Let p(z) = 9*z**3 + z. Determine p(o).
-10
Let w be 108/(-14) + (-4)/14. Suppose 4*d - 15 = -39. Let h = d - w. Let c(i) = -3*i - 2. What is c(h)?
-8
Let x(c) be the first derivative of -c**3/3 + c**2 - 3*c + 1. Let w = 68 - 66. What is x(w)?
-3
Let f be (-4)/2 + 2*2. Let q(k) = -2*k**3 + 3*k**2 - 4*k + 3. Determine q(f).
-9
Let c(b) be the third derivative of 0*b + 0 - 1/60*b**5 - 1/6*b**3 + 2*b**2 - 5/24*b**4. Give c(-5).
-1
Let r(n) = -4*n**2 - 1. Let d be 10/30 - 62/6. Let h = d - -9. Calculate r(h).
-5
Let g(t) be the first derivative of -t**3/3 - t**2/2 - t - 2. Let f be g(0). Let q(o) = -8*o + 1. Give q(f).
9
Let f(z) = -z. Let o(k) = -k**3 + 5*k**2 + 5*k + 6. Let j be o(6). Suppose m + 0*m + 1 = j. Give f(m).
1
Suppose -2*r + 3 = r. Let i(x) = -x**2 + x. Let s(g) = -10*g**2 + 6*g. Suppose -3*c = 5*b - 11, -c - 5*b = -3*c - 1. Let y(q) = c*s(q) - 12*i(q). What is y(r)?
-8
Let b = -4 - -4. Let w(t) be the third derivative of 1/60*t**5 - 2*t**2 + b + 1/8*t**4 - 2/3*t**3 + 0*t. Give w(-5).
6
Let z(m) be the third derivative of 5*m**2 + 0*m**3 + 0*m + 0 + 1/24*m**4. What is z(-1)?
-1
Let i(v) = 3*v - 11. Let u(a) = 8*a - 32. Let n(m) = 11*i(m) - 4*u(m). Suppose 7*q - 2*q = -20. Determine n(q).
3
Let p(h) = h**3 + h**2 + h. Let x be p(0). Let w(i) be the second derivative of -i**4/12 + 7*i**2/2 - 7*i. Give w(x).
7
Let x(l) = -2*l - 8. Suppose 0*o = 5*o + 30. Give x(o).
4
Let u(j) = j - 18. Let g be u(14). Let s(r) = -4*r